= 0. Let s = m + -7. What are the prime factors of r(s)?
2, 3
Let q be ((-3)/(-2))/((-2)/(-4)). Let s(b) = -q*b + b - b + 2*b. List the prime factors of s(-2).
2
Let d(f) = f + 7. Let k(z) = -z + 1. Let c(b) = -d(b) + 3*k(b). Suppose -2*v = 2*v + 28. What are the prime factors of c(v)?
2, 3
Suppose -2*c + 6*c = -a + 3932, -2*a + 3936 = 4*c. Suppose g + 245 = t, -3*t + 3*g = t - c. List the prime factors of t.
13, 19
Let f(x) = 489*x - 105. List the prime factors of f(5).
2, 3, 5, 13
Let p = -70 - -76. What are the prime factors of (p + 120/(-18))*(-37 + 1)?
2, 3
Let w = 53 - 90. Let c = w + 40. Suppose -o = -c*o + 144. List the prime factors of o.
2, 3
Suppose -9*k + 1324 = -5*k. What are the prime factors of k?
331
Let g = -184 + 37. Let a = g + 230. What are the prime factors of a?
83
Suppose 2*s - 6 = 4, -3*i + 2*s = -869. Suppose 0 = 4*x + 5*m - i, -2*m - 15 = 3*m. What are the prime factors of x?
7, 11
Let c = -239 + 344. Let n = c + -84. What are the prime factors of n?
3, 7
List the prime factors of 7 + 2 + 11/(11/1076).
5, 7, 31
Suppose d - 1 = 0, -2*j + 5*d + 298 = 91. Suppose 0 = -v + 3*c + c + 102, 2*c + j = v. List the prime factors of v.
2, 5, 11
Let z = -46 - -51. Suppose 385 = 5*c - 5*q, -z*q - 306 = 3*c - 7*c. What are the prime factors of c?
79
Suppose 11683 = -10*j + 45423. List the prime factors of j.
2, 7, 241
Let h = 20 - -3. What are the prime factors of h?
23
Let k(z) = -7*z + 14*z - 6*z + 13. Let x(j) = -1. Let s(n) = k(n) - 3*x(n). List the prime factors of s(-12).
2
Let u = -36 + 39. Suppose -58 - 54 = -3*w + 4*t, -u*w + 152 = 4*t. What are the prime factors of w?
2, 11
List the prime factors of ((-47613)/39)/(-1) + 8/52.
3, 11, 37
Let q(r) = -35*r**3 - 2*r**2 - 8. List the prime factors of q(-4).
2, 5, 11
Suppose 345 = -7*b + 2473. What are the prime factors of b?
2, 19
Suppose 7716 = 2*m - 5*k, -79*m - 11574 = -82*m - k. What are the prime factors of m?
2, 3, 643
List the prime factors of 2 + 2 + 13 - (-2 + -5).
2, 3
Suppose 0 = 2*v + 5*k - 4153, -7*v - 3*k - 10305 = -12*v. What are the prime factors of v?
2, 3, 43
Let u be -1 + (5 - 2/(-1)). Suppose 0 = -s + u*s + 25. Let x(l) = -l**3 - 4*l**2 + 6*l + 7. What are the prime factors of x(s)?
2
Suppose -17*f + 601 = 91. List the prime factors of f.
2, 3, 5
Suppose 6*p - 80 = 2*p. Suppose 0 = 3*l + f + p, 0*l - 5*f = l + 2. Let r = 9 - l. What are the prime factors of r?
2
Suppose -92 + 8 = 4*h. Let a(m) = m**2 + 18*m + 18. What are the prime factors of a(h)?
3
Let m(i) = 6*i**2 - 13*i - 7. Let n be m(11). Suppose -a + 19 = v - 127, 4*v = 4*a + n. What are the prime factors of v?
5, 29
Let l be 2 + 66 + -4 + 3. Suppose 0 = -3*v + 161 + l. What are the prime factors of v?
2, 19
Let p(o) = 4*o**2 - 8*o + 20. Let z be p(4). List the prime factors of (-32)/(-112) + 22/14*z.
2, 41
Suppose -17*d + 3420 = 20. What are the prime factors of d?
2, 5
Let b(w) = -w**3 - 7*w**2 + 4*w + 78. List the prime factors of b(-12).
2, 3, 5
Suppose 2*y + 161 = 1767. List the prime factors of y.
11, 73
Suppose 16*g - 20*g = -8. Suppose -5*d + g*k = -486, -3*d + 98 = -k - 194. List the prime factors of d.
2, 7
Suppose 0 = -3*f + 132 - 96. List the prime factors of f.
2, 3
Let a = 1394 - -460. What are the prime factors of a?
2, 3, 103
Suppose 5*j = -2*q - q + 507, -3*q + 507 = 2*j. List the prime factors of q.
13
Suppose 146 = 3*a - 34. Let j(s) = -s**3 + 9*s**2 - 5*s + 5. Let i be j(9). Let u = i + a. What are the prime factors of u?
2, 5
Let n(u) = 5*u**2 - 2*u + 1. Suppose 9*c = 26 + 1. What are the prime factors of n(c)?
2, 5
Suppose 0 = -3*d - 5*p + 3, 0 = 5*d - 2*d - 3*p - 27. Suppose 5*t = d*t. Suppose t*n = 4*n - 64. What are the prime factors of n?
2
Suppose -8 = -4*g + j + j, -2*j = -5*g + 10. Suppose 0 = -2*q - 2*a - 2, -20 = -4*q + 4*a - 0. What are the prime factors of (q/4)/(g/100)?
5
Suppose -20 = -5*a, -i + 5*i = a - 4. What are the prime factors of (i/1 - 18)*10/(-6)?
2, 3, 5
Let q = 1 - -48. Suppose -a = -0*a - 4*n - q, a - 2*n = 53. List the prime factors of a.
3, 19
Suppose -5*k - 20 = -3*w - 2*w, -3*k - 7 = -2*w. Suppose 819 = 2*a + w*a. What are the prime factors of a?
3, 13
Suppose g = 2*g + 3*g. Suppose -2*y + p + 106 = g, -220 = -4*y - 0*p + 4*p. List the prime factors of y.
3, 17
Let m(t) be the second derivative of t**5/60 + t**4/4 + t**3/3 + 4*t**2 + 2*t. Let x(d) be the first derivative of m(d). List the prime factors of x(4).
2, 3, 7
Suppose -3*a + 8*a - 475 = 0. Let w be (1/3)/((13/(-6))/(-13)). Suppose a + 31 = w*d. List the prime factors of d.
3, 7
Let c(r) = 30*r**2 + r - 2. Let y(h) = 1. Let m(l) = c(l) + 2*y(l). List the prime factors of m(-1).
29
Let x be ((-20)/(-35))/(2/7). Suppose 3740 = 8*f + 9*f. Suppose -x*i + f = 2*i. List the prime factors of i.
5, 11
Let r(c) = 946*c - 1135. What are the prime factors of r(6)?
19, 239
Let i(p) = 15 + 3*p**2 - 13 - 4. What are the prime factors of i(-2)?
2, 5
Let v = 139 + 81. Let t = v + -126. List the prime factors of t.
2, 47
Let r(a) = 220*a - 37. List the prime factors of r(10).
3, 7, 103
Let p(y) = y**2 - 7*y - 1. Let r be p(-5). Let i(u) = -u**2 + 2*u - 1. Let k be i(-4). Let m = r + k. List the prime factors of m.
2, 17
Let g(s) = -2*s**3 + 3*s**2 - 2*s + 3. Let o be g(2). Let d(y) = -6 + 4 - 3*y - 10 + 2. List the prime factors of d(o).
5
Let s(n) = 3*n**3 - 2*n**2 - n - 1. Let y = -82 + 85. List the prime factors of s(y).
59
Suppose 0 = u - 4*m - 4838, m - 7385 = -2*u + 2336. What are the prime factors of u?
2, 7, 347
Suppose -z + 9*c = 10*c - 312, 2*z = -4*c + 628. What are the prime factors of z?
2, 5, 31
List the prime factors of (-4259 - -10)*(-20)/35.
2, 607
List the prime factors of 1511 + 6 + -7 - 0.
2, 5, 151
Let l(m) = -208*m**3 + 3*m + 2. Let w be l(-1). Suppose -8*h + 641 = -w. What are the prime factors of h?
2, 53
Let r be (-2 - -1)*(-4 + 2). Suppose -x + r = -2. What are the prime factors of x?
2
Let h(p) be the first derivative of p**3/3 + 2*p**2 - 9*p + 1. Suppose 9 = -2*o + 3*o + 3*g, -5*g = 2*o - 17. List the prime factors of h(o).
3, 17
Suppose -213 = -3*z - y, -2*z = z - y - 213. Let t = 39 - z. What are the prime factors of (-10)/25 - t/5?
2, 3
Suppose 216 = 5*g - 259. Let b be (-38)/10 - (-76)/g. List the prime factors of 48 - (-3)/(b/(-1)).
7
Let w be (-64)/(-12) - (-2)/(-6). Let j(m) = -2 - 16*m - 11*m + 24*m + w*m**2. List the prime factors of j(3).
2, 17
Let a = -2458 - -4702. What are the prime factors of a?
2, 3, 11, 17
Let g = -13 - -3. Let p(t) = 3*t**2 + 24*t - 13. What are the prime factors of p(g)?
47
Suppose 1792*c + 24 = 1784*c. Suppose -5*g + 2 - 62 = 0. What are the prime factors of 22 + (g/c)/(-2)?
2, 5
List the prime factors of 11/(-88) - 2617/(-8).
3, 109
Let l(x) = 4*x**2 + 6*x - 3 + 0*x**2 + 0*x**3 - 3*x**3 + 2*x**3. Let w be l(5). Suppose f = 3*i + 14 + 3, -w*i = 4*f - 82. List the prime factors of f.
2, 5
Let d(w) = w**3 + 33*w**2 - 44*w + 2. List the prime factors of d(-34).
2, 3, 19
Let j = -182 + 127. Let n = -32 - j. What are the prime factors of n?
23
Let i(c) = c + 2. Let q be i(3). Suppose 3*t = -p + 29, -q*t - 75 = -3*p - 2*t. What are the prime factors of p?
2, 13
Let p be 1 - 9/5 - (-1209)/5. Let h = -118 + p. List the prime factors of h.
3, 41
Suppose 4*g - 7 = -3*i + 9, -5*g - 11 = -4*i. Let n(u) = 11 - i*u - 11*u**2 - u**3 - 4*u - 3*u + u. What are the prime factors of n(-10)?
11
Let c(f) = -f**3 - 9 - 26*f**2 - 2*f + f + 17*f**2. List the prime factors of c(-10).
101
Suppose -2*c = 2*r + 90, 5*r - 5*c + 225 = -3*c. Let g = r + 80. List the prime factors of g.
5, 7
Suppose -5*t + 338 = -817. Suppose 3*o + t = 14*o. What are the prime factors of o?
3, 7
Let w be 4 + (-9)/6*-22. Let x = w + -17. What are the prime factors of x?
2, 5
Suppose 0*p - 13 = -p - 3*r, -5*p + 29 = 3*r. Suppose p*c + 800 = 168. What are the prime factors of 4/(-8) - c/4?
3, 13
Let r = -81 + 158. Suppose -5*c - 4*g + 190 = 0, 2*g - 35 = -3*c + r. List the prime factors of c.
2, 17
List the prime factors of -125898*(-2)/92 - (-8)/92.
7, 17, 23
Let z be 949/7 + ((-144)/(-42))/(-6). Suppose 7*t = 2*t + z. List the prime factors of t.
3
Let y(b) = b**2 + b - 14. List the prime factors of y(-17).
2, 3, 43
Let t(i) = 2*i - 18. Let w(p) = -p**2 - 2*p + 19. Let h(j) = -5*t(j) - 6*w